5879?
9
What is the thousands digit of 1054?
1
What is the tens digit of 976?
7
What is the units digit of 867?
7
What is the tens digit of 2472?
7
What is the units digit of 1940?
0
What is the thousands digit of 40684?
0
What is the tens digit of 5178?
7
What is the thousands digit of 133533?
3
What is the hundreds digit of 1409?
4
What is the units digit of 1406?
6
What is the hundred thousands digit of 121472?
1
What is the hundreds digit of 809?
8
What is the hundreds digit of 77247?
2
What is the tens digit of 2285?
8
What is the tens digit of 28015?
1
What is the ten thousands digit of 49144?
4
What is the hundreds digit of 2082?
0
What is the thousands digit of 4810?
4
What is the units digit of 6394?
4
What is the units digit of 962?
2
What is the ten thousands digit of 35523?
3
What is the units digit of 2774?
4
What is the units digit of 6001?
1
What is the thousands digit of 22055?
2
What is the thousands digit of 20721?
0
What is the units digit of 1003?
3
What is the tens digit of 45369?
6
What is the hundreds digit of 15137?
1
What is the units digit of 32916?
6
What is the tens digit of 893?
9
What is the thousands digit of 6073?
6
What is the tens digit of 1097?
9
What is the hundreds digit of 44276?
2
What is the units digit of 4571?
1
What is the tens digit of 9697?
9
What is the hundreds digit of 2147?
1
What is the ten thousands digit of 30957?
3
What is the units digit of 1127?
7
What is the thousands digit of 6944?
6
What is the thousands digit of 53163?
3
What is the tens digit of 24?
2
What is the thousands digit of 3266?
3
What is the units digit of 1723?
3
What is the hundreds digit of 3312?
3
What is the units digit of 154?
4
What is the thousands digit of 9172?
9
What is the hundreds digit of 7435?
4
What is the tens digit of 34206?
0
What is the hundreds digit of 1111?
1
What is the hundreds digit of 18506?
5
What is the hundreds digit of 1494?
4
What is the hundreds digit of 2279?
2
What is the thousands digit of 66360?
6
What is the units digit of 37?
7
What is the hundreds digit of 1454?
4
What is the thousands digit of 3324?
3
What is the tens digit of 39977?
7
What is the hundreds digit of 6616?
6
What is the tens digit of 4774?
7
What is the thousands digit of 6356?
6
What is the ten thousands digit of 59650?
5
What is the thousands digit of 2581?
2
What is the tens digit of 1889?
8
What is the tens digit of 6319?
1
What is the hundreds digit of 405?
4
What is the hundreds digit of 2303?
3
What is the thousands digit of 2259?
2
What is the units digit of 60527?
7
What is the units digit of 2280?
0
What is the tens digit of 876?
7
What is the ten thousands digit of 25471?
2
What is the tens digit of 1205?
0
What is the thousands digit of 4519?
4
What is the thousands digit of 14747?
4
What is the thousands digit of 44950?
4
What is the thousands digit of 5089?
5
What is the tens digit of 49590?
9
What is the units digit of 4910?
0
What is the hundreds digit of 5186?
1
What is the tens digit of 1485?
8
What is the hundreds digit of 18152?
1
What is the units digit of 38849?
9
What is the units digit of 16657?
7
What is the hundreds digit of 3849?
8
What is the thousands digit of 7092?
7
What is the tens digit of 2110?
1
What is the tens digit of 6127?
2
What is the units digit of 707?
7
What is the thousands digit of 1670?
1
What is the hundreds digit of 2092?
0
What is the hundreds digit of 22873?
8
What is the hundreds digit of 18637?
6
What is the tens digit of 8390?
9
What is the tens digit of 910?
1
What is the tens digit of 111727?
2
What is the tens digit of 29954?
5
What is the ten thousands digit of 60017?
6
What is the hundreds digit of 8267?
2
What is the tens digit of 8229?
2
What is the hundreds digit of 135?
1
What is the units digit of 6482?
2
What is the units digit of 35581?
1
What is the units digit of 592?
2
What is the units digit of 15393?
3
What is the tens digit of 90286?
8
What is the units digit of 338?
8
What is the units digit of 19589?
9
What is the thousands digit of 8626?
8
What is the tens digit of 5885?
8
What is the tens digit of 100295?
9
What is the units digit of 59123?
3
What is the tens digit of 20643?
4
What is the hundreds digit of 9073?
0
What is the thousands digit of 5155?
5
What is the units digit of 2796?
6
What is the tens digit of 2048?
4
What is the units digit of 32626?
6
What is the thousands digit of 1523?
1
What is the hundreds digit of 3424?
4
What is the thousands digit of 28275?
8
What is the units digit of 1684?
4
What is the hundreds digit of 18021?
0
What is the units digit of 45034?
4
What is the tens digit of 2748?
4
What is the hundreds digit of 5926?
9
What is the units digit of 4240?
0
What is the thousands digit of 10163?
0
What is the hundreds digit of 6105?
1
What is the units digit of 9942?
2
What is the thousands digit of 55210?
5
What is the tens digit of 508?
0
What is the tens digit of 633?
3
What is the tens digit of 61449?
4
What is the thousands digit of 33537?
3
What is the thousands digit of 103511?
3
What is the thousands digit of 1052?
1
What is the units digit of 44807?
7
What is the ten thousands digit of 42763?
4
What is the thousands digit of 7947?
7
What is the ten thousands digit of 108016?
0
What is the hundreds digit of 955?
9
What is the units digit of 2586?
6
What is the units digit of 17707?
7
What is the units digit of 3678?
8
What is the thousands digit of 83819?
3
What is the thousands digit of 2722?
2
What is the thousands digit of 10917?
0
What is the hundreds digit of 47836?
8
What is the hundreds digit of 795?
7
What is the ten thousands digit of 13662?
1
What is the tens digit of 5058?
5
What is the hundreds digit of 40373?
3
What is the tens digit of 10330?
3
What is the tens digit of 31?
3
What is the ten thousands digit of 11783?
1
What is the units digit of 1021?
1
What is the units digit of 180?
0
What is the hundreds digit of 226?
2
What is the thousands digit of 41015?
1
What is the thousands digit of 2323?
2
What is the units digit of 1628?
8
What is the units digit of 14241?
1
What is the hundreds digit of 3245?
2
What is the units digit of 2229?
9
What is the units digit of 76641?
1
What is the units digit of 2510?
0
What is the units digit of 1962?
2
What is the thousands digit of 1841?
1
What is the tens digit of 2662?
6
What is the units digit of 12519?
9
What is the hundreds digit of 935?
9
What is the units digit of 4169?
9
What is the tens digit of 1300?
0
What is the tens digit of 5501?
0
What is the units digit of 606?
6
What is the tens digit of 595?
9
What is the units digit of 445?
5
What is the hundreds digit of 1467?
4
What is the tens digit of 318?
1
What is the units digit of 9583?
3
What is the hundreds digit of 315?
3
What is the tens digit of 11542?
4
What is the ten thousands digit of 30709?
3
What is the hundreds digit of 764?
7
What is the hundreds digit of 12437?
4
What is the thousands digit of 2330?
2
What is the tens digit of 514?
1
What is the units digit of 6625?
5
What is the units digit of 1287?
7
What is the tens digit of 921?
2
What is the thousands digit of 5013?
5
What is the hundreds digit of 10831?
8
What is the hundreds digit of 3644?
6
What is the thousands digit of 118469?
8
What is the hundreds digit of 790?
7
What is the thousands digit of 12123?
2
What is the hundreds digit of 2710?
7
What is the tens digit of 930?
3
What is the tens digit of 2853?
5
What is the thousands digit of 22660?
2
What is the units digit of 881?
1
What is the units digit of 86208?
8
What is the tens digit of 405?
0
What is the units digit of 2715?
5
What is the hundreds digit of 910?
9
What is the hundreds digit of 122048?
0
What is the tens digit of 11928?
2
What is the units digit of 483?
3
What is the thousands digit of 39565?
9
What is the tens digit of 843?
4
What is the tens digit of 1203?
0
What is the ten thousands digit of 10380?
1
What is the thousands digit of 132173?
2
What is the tens digit of 8486?
8
What is the hundreds digit of 6231?
2
What is the ten thousands digit of 11723?
1
What is the thousands digit of 77621?
7
What is the thousands digit of 1714?
1
What is the hundreds digit of 1128?
1
What is the units digit of 227?
7
What is the ten thousands digit of 93403?
